2332?
120303003
In base 4, what is 11 + 220333331?
221000002
In base 7, what is 22623142 + 0?
22623142
In base 9, what is 8588 - -1?
8600
In base 14, what is 23bd8 + 1?
23bd9
In base 8, what is 143573 + -6?
143565
In base 6, what is -132300 + 12?
-132244
In base 12, what is 13ba - 5?
13b5
In base 2, what is -11011101100101 + 101?
-11011101100000
In base 3, what is 102020221222 + 2?
102020222001
In base 3, what is -102110120 - 10021?
-102120211
In base 15, what is 2 - 28b9?
-28b7
In base 2, what is -11 - -1001000011010000?
1001000011001101
In base 5, what is -12 + -332400?
-332412
In base 8, what is 72 - 554?
-462
In base 6, what is 20 - -1402?
1422
In base 9, what is -5 + -700055?
-700061
In base 4, what is 3210301122 - 1?
3210301121
In base 10, what is 0 - -51521?
51521
In base 15, what is 26 + -158d?
-1567
In base 2, what is -1011010100 + -10?
-1011010110
In base 5, what is -14334 + -213?
-20102
In base 9, what is 3 - -18633?
18636
In base 2, what is 1000011010001 + 10?
1000011010011
In base 14, what is 4 + -48c23?
-48c1d
In base 16, what is -5 - 107bd?
-107c2
In base 5, what is 32301223 + 43?
32301321
In base 10, what is 2076 + -3?
2073
In base 10, what is -171955 + -1?
-171956
In base 3, what is 22100122 - 1020?
22022102
In base 11, what is 25 + 970?
995
In base 4, what is -1 + 123032000?
123031333
In base 14, what is -9988 - 0?
-9988
In base 12, what is 1844 + -413?
1431
In base 7, what is 5506 - -45?
5554
In base 6, what is 2430 + 23?
2453
In base 5, what is 1 - -1344411?
1344412
In base 8, what is -244367 - -2?
-244365
In base 16, what is 52a + -22?
508
In base 6, what is 3 - 102021?
-102014
In base 5, what is -20013 - 103?
-20121
In base 10, what is 6 + -7388?
-7382
In base 10, what is -176 + 141?
-35
In base 12, what is -1b1b3 - -6?
-1b1a9
In base 16, what is 0 + 48cd6?
48cd6
In base 2, what is 10000110011100010 + -101?
10000110011011101
In base 11, what is 31a919 - a?
31a90a
In base 13, what is -4 - -86290?
86289
In base 16, what is -1 + 65b?
65a
In base 2, what is -11 + -10100011100101?
-10100011101000
In base 4, what is -13001311 + -2?
-13001313
In base 16, what is 951 - d6d?
-41c
In base 4, what is -200 - -12322?
12122
In base 16, what is -4 - -bdeb5?
bdeb1
In base 7, what is 15 + 156532?
156550
In base 4, what is -1 - 1311231?
-1311232
In base 12, what is 55a90 - 1?
55a8b
In base 6, what is 5 - -1501?
1510
In base 3, what is 0 - -10110120012?
10110120012
In base 9, what is -16375 - -17?
-16357
In base 9, what is 358 + 2460?
2828
In base 12, what is a710 + 6?
a716
In base 12, what is -79 + -709b?
-7158
In base 6, what is 100132 - 10?
100122
In base 3, what is 10 - -211220221020?
211220221100
In base 11, what is 3a985 - -5?
3a98a
In base 3, what is 2 + -100201202120?
-100201202111
In base 15, what is -12b2 + 2?
-12b0
In base 16, what is -23 - 145?
-168
In base 13, what is 146950 + 4?
146954
In base 14, what is -2 - 1a00c?
-1a010
In base 11, what is -24 + 1a03?
198a
In base 10, what is -18196 - -3?
-18193
In base 10, what is 31 - 78?
-47
In base 7, what is 24 - -1051?
1105
In base 3, what is -11102 + -101?
-11210
In base 7, what is -6253400 - 0?
-6253400
In base 13, what is 5 + -5c006?
-5c001
In base 5, what is 33 - 202343?
-202310
In base 5, what is -3100002 - 40?
-3100042
In base 6, what is 1224243 + -1?
1224242
In base 8, what is 5 - -235104?
235111
In base 4, what is 10212011220 + -11?
10212011203
In base 16, what is dd23 + 0?
dd23
In base 3, what is -1201 + 212002?
210101
In base 10, what is -112975 - -2?
-112973
In base 5, what is -113422124 - 1?
-113422130
In base 12, what is 9a07 - a6?
9921
In base 12, what is 2251 - 4b?
2202
In base 3, what is 102222011 - 2?
102222002
In base 8, what is -3 - -2770621?
2770616
In base 16, what is 1a6 + -749?
-5a3
In base 15, what is -3c61 + 2?
-3c5e
In base 3, what is 100111 - 1012?
22022
In base 9, what is -3 + 6385?
6382
In base 11, what is 6965 + 13?
6978
In base 5, what is -132430332 - 2?
-132430334
In base 6, what is -22221 - 4215?
-30440
In base 13, what is 57473 - 0?
57473
In base 8, what is -2242 - 44?
-2306
In base 9, what is 10 - 4416?
-4406
In base 11, what is -3 - 197804?
-197807
In base 12, what is 4 - -6852?
6856
In base 16, what is -1f0b7 + -2?
-1f0b9
In base 15, what is 39 - -a0a?
a44
In base 15, what is -1bb - 30ae?
-327a
In base 10, what is -9 + 107?
98
In base 9, what is -20775 + -13?
-20788
In base 3, what is -1000121110012 + -10?
-1000121110022
In base 8, what is 233256 - -2?
233260
In base 13, what is -85c2 + -5?
-85c7
In base 14, what is 3 + -1d947?
-1d944
In base 2, what is 1100101 - -101100?
10010001
In base 5, what is -2320303 - -1?
-2320302
In base 8, what is -4 + 622614?
622610
In base 8, what is -5730 + -30?
-5760
In base 12, what is 239 - 6b?
18a
In base 15, what is 4c - -1b7?
214
In base 13, what is a4a6 - 0?
a4a6
In base 7, what is 140 + 15036?
15206
In base 15, what is -1a5 - -50?
-155
In base 10, what is 1927 - 1?
1926
In base 8, what is -22520 + 2?
-22516
In base 15, what is d + 18992?
189a0
In base 13, what is c6 - -4?
ca
In base 3, what is -10011202022 - 21?
-10011202120
In base 16, what is 11f9ad - -3?
11f9b0
In base 15, what is 12c + a54?
b81
In base 7, what is -23 + 5010?
4654
In base 6, what is 512111 - 12?
512055
In base 3, what is -22202201 - 10121?
-22220022
In base 6, what is -11031 - -1425?
-5202
In base 9, what is -74 - -1325?
1241
In base 15, what is -5 - -724d?
7248
In base 4, what is 0 - -30313010?
30313010
In base 3, what is 120200 + 11010?
201210
In base 11, what is -2 + -4615?
-4617
In base 14, what is -5 + -7c67?
-7c6c
In base 16, what is -17 - -3f9?
3e2
In base 14, what is -332bd - -2?
-332bb
In base 6, what is 11140 + -2040?
5100
In base 11, what is -4 - -13a6a?
13a66
In base 12, what is 395 - 9b?
2b6
In base 13, what is 43c - c4a?
-80b
In base 11, what is 184 + -14?
170
In base 9, what is 2 - 18220?
-18217
In base 6, what is 1304344 - 4?
1304340
In base 5, what is -11201 - -3024?
-3122
In base 7, what is -63 + 164665?
164602
In base 13, what is -15a4a6 + 2?
-15a4a4
In base 13, what is -3 - -1aa008?
1aa005
In base 9, what is 34313 - 31?
34272
In base 14, what is d7810 - -5?
d7815
In base 9, what is -5 - 310240?
-310245
In base 13, what is 2a9 - 143?
166
In base 2, what is 10 + -110100001111000?
-110100001110110
In base 10, what is -450 - -1354?
904
In base 10, what is -696 + 269?
-427
In base 7, what is -122 + 5212?
5060
In base 7, what is 10 + -4601?
-4561
In base 7, what is 11424 - 2554?
5540
In base 9, what is -138258 - -4?
-138254
In base 8, what is 403 - -6711?
7314
In base 9, what is -4 + 11057?
11053
In base 16, what is 14 - 659?
-645
In base 4, what is -23213010 - -23?
-23212321
In base 4, what is 111330 - -130?
112120
In base 13, what is 2cb70 + 3?
2cb73
In base 6, what is -5240 + 24200?
14520
In base 9, what is -163005 + -5?
-163011
In base 5, what is -3241420 + -10?
-3241430
In base 13, what is -23840 - 6?
-23846
In base 11, what is -1675 - -30?
-1645
In base 8, what is -5145 - 41?
-5206
In base 14, what is 266ac7 + -2?
266ac5
In base 16, what is f - 1c781?
-1c772
In base 4, what is 0 + -122312203?
-122312203
In base 12, what is -1 + -51b1?
-51b2
In base 16, what is 1eb6 + -6?
1eb0
In base 8, what is 2433 - -235?
2670
In base 9, what is -7142 + 8?
-7133
In base 10, what is 74 + -2835?
-2761
In base 3, what is -1120202 - 220?
-1121122
In base 3, what is 2 - -20021211212?
20021211221
In base 14, what is -3 - -34893?
34890
In base 5, what is -3443 + 11231?
2233
In base 11, what is 45 + 621?
666
In base 16, what is 11 + -27d3?
-27c2
In base 6, what is 113555 + 10?
114005
In base 12, what is 36 - 475?
-43b
In base 3, what is 2001122 + -10120002?
-1111110
In base 13, what is -38b34 - -3?
-38b31
In base 7, what is 12 - 2124?
-2112
In base 3, what is -2202201 - -200?
-2202001
In base 8, what is 3 - 101730?
-101725
In base 2, what is -100 - 10010011000000111100?
-10010011000001000000
In base 5, what is -44210401 + -3?
-44210404
In base 9, what is -12638 + -237?
-12876
In base 2, what is -11100101110100101011 - -10?
-11100101110100101001
In base 14, what is b + -15787?
-1577a
In base 6, what is -4240 - 350?
-5030
In base 15, what is 13 + 271?
284
In base 2, what is -1001000101111110100 + -1?
-1001000101111110101
In base 7, what is